{"id":275,"date":"2026-02-08T18:52:13","date_gmt":"2026-02-08T17:52:13","guid":{"rendered":"https:\/\/foerderverein-kirchensanierung-wacken.de\/?page_id=275"},"modified":"2026-02-08T19:04:26","modified_gmt":"2026-02-08T18:04:26","slug":"aktuelles-2","status":"publish","type":"page","link":"https:\/\/foerderverein-kirchensanierung-wacken.de\/?page_id=275","title":{"rendered":"Aktuelles"},"content":{"rendered":"\n<figure class=\"wp-block-image aligncenter size-full\"><img loading=\"lazy\" decoding=\"async\" width=\"250\" height=\"250\" src=\"http:\/\/foerderverein-kirchensanierung-wacken.de\/wp-content\/uploads\/2025\/06\/image001.png\" alt=\"\" class=\"wp-image-32\" srcset=\"https:\/\/foerderverein-kirchensanierung-wacken.de\/wp-content\/uploads\/2025\/06\/image001.png 250w, https:\/\/foerderverein-kirchensanierung-wacken.de\/wp-content\/uploads\/2025\/06\/image001-150x150.png 150w\" sizes=\"auto, (max-width: 250px) 100vw, 250px\" \/><\/figure>\n\n\n\n<p>Hier finden Sie aktuelle Informationen aus dem Verein.<\/p>\n\n\n\n<p>Am 31.12.2025 konnte der Verein 59 Mitglieder z\u00e4hlen. Zusammen konnten wir bereist 25 Prozent des Spendenziels f\u00fcr den 1. Bauabschnitt sammeln. Ein gro\u00dfes Dank hierf\u00fcr an die vielen Unterst\u00fctzer! <\/p>\n\n\n\n<p>Die Jahreshauptversammlung findet am 12.03.2026 um 19:30 Uhr im Harald-von Neergaard Haus, Hauptstra\u00dfe 34 in Wacken statt. Interessierte und G\u00e4ste sind herzlich willkommen!<\/p>\n","protected":false},"excerpt":{"rendered":"<p>Hier finden Sie aktuelle Informationen aus dem Verein. Am 31.12.2025 konnte der Verein 59 Mitglieder z\u00e4hlen. Zusammen konnten wir bereist [&hellip;]<\/p>\n","protected":false},"author":1,"featured_media":0,"parent":51,"menu_order":0,"comment_status":"closed","ping_status":"closed","template":"","meta":{"om_disable_all_campaigns":false,"_monsterinsights_skip_tracking":false,"_monsterinsights_sitenote_active":false,"_monsterinsights_sitenote_note":"","_monsterinsights_sitenote_category":0,"site-sidebar-layout":"default","site-content-layout":"","ast-site-content-layout":"default","site-content-style":"default","site-sidebar-style":"default","ast-global-header-display":"","ast-banner-title-visibility":"","ast-main-header-display":"","ast-hfb-above-header-display":"","ast-hfb-below-header-display":"","ast-hfb-mobile-header-display":"","site-post-title":"disabled","ast-breadcrumbs-content":"","ast-featured-img":"","footer-sml-layout":"","theme-transparent-header-meta":"","adv-header-id-meta":"","stick-header-meta":"","header-above-stick-meta":"","header-main-stick-meta":"","header-below-stick-meta":"","astra-migrate-meta-layouts":"default","ast-page-background-enabled":"default","ast-page-background-meta":{"desktop":{"background-color":"var(--ast-global-color-5)","background-image":"","background-repeat":"repeat","background-position":"center center","background-size":"auto","background-attachment":"scroll","background-type":"","background-media":"","overlay-type":"","overlay-color":"","overlay-opacity":"","overlay-gradient":""},"tablet":{"background-color":"","background-image":"","background-repeat":"repeat","background-position":"center center","background-size":"auto","background-attachment":"scroll","background-type":"","background-media":"","overlay-type":"","overlay-color":"","overlay-opacity":"","overlay-gradient":""},"mobile":{"background-color":"","background-image":"","background-repeat":"repeat","background-position":"center center","background-size":"auto","background-attachment":"scroll","background-type":"","background-media":"","overlay-type":"","overlay-color":"","overlay-opacity":"","overlay-gradient":""}},"ast-content-background-meta":{"desktop":{"background-color":"var(--ast-global-color-4)","background-image":"","background-repeat":"repeat","background-position":"center center","background-size":"auto","background-attachment":"scroll","background-type":"","background-media":"","overlay-type":"","overlay-color":"","overlay-opacity":"","overlay-gradient":""},"tablet":{"background-color":"var(--ast-global-color-4)","background-image":"","background-repeat":"repeat","background-position":"center center","background-size":"auto","background-attachment":"scroll","background-type":"","background-media":"","overlay-type":"","overlay-color":"","overlay-opacity":"","overlay-gradient":""},"mobile":{"background-color":"var(--ast-global-color-4)","background-image":"","background-repeat":"repeat","background-position":"center center","background-size":"auto","background-attachment":"scroll","background-type":"","background-media":"","overlay-type":"","overlay-color":"","overlay-opacity":"","overlay-gradient":""}},"footnotes":""},"class_list":["post-275","page","type-page","status-publish","hentry"],"aioseo_notices":[],"_links":{"self":[{"href":"https:\/\/foerderverein-kirchensanierung-wacken.de\/index.php?rest_route=\/wp\/v2\/pages\/275","targetHints":{"allow":["GET"]}}],"collection":[{"href":"https:\/\/foerderverein-kirchensanierung-wacken.de\/index.php?rest_route=\/wp\/v2\/pages"}],"about":[{"href":"https:\/\/foerderverein-kirchensanierung-wacken.de\/index.php?rest_route=\/wp\/v2\/types\/page"}],"author":[{"embeddable":true,"href":"https:\/\/foerderverein-kirchensanierung-wacken.de\/index.php?rest_route=\/wp\/v2\/users\/1"}],"replies":[{"embeddable":true,"href":"https:\/\/foerderverein-kirchensanierung-wacken.de\/index.php?rest_route=%2Fwp%2Fv2%2Fcomments&post=275"}],"version-history":[{"count":3,"href":"https:\/\/foerderverein-kirchensanierung-wacken.de\/index.php?rest_route=\/wp\/v2\/pages\/275\/revisions"}],"predecessor-version":[{"id":279,"href":"https:\/\/foerderverein-kirchensanierung-wacken.de\/index.php?rest_route=\/wp\/v2\/pages\/275\/revisions\/279"}],"up":[{"embeddable":true,"href":"https:\/\/foerderverein-kirchensanierung-wacken.de\/index.php?rest_route=\/wp\/v2\/pages\/51"}],"wp:attachment":[{"href":"https:\/\/foerderverein-kirchensanierung-wacken.de\/index.php?rest_route=%2Fwp%2Fv2%2Fmedia&parent=275"}],"curies":[{"name":"wp","href":"https:\/\/api.w.org\/{rel}","templated":true}]}}